{"id":842,"date":"2021-10-12T18:33:21","date_gmt":"2021-10-12T18:33:21","guid":{"rendered":"https:\/\/araceligarcia.es\/?page_id=842"},"modified":"2021-11-24T12:39:26","modified_gmt":"2021-11-24T12:39:26","slug":"inicio","status":"publish","type":"page","link":"https:\/\/araceligarcia.es\/","title":{"rendered":"Inicio"},"content":{"rendered":"<div class=\"gb-container gb-container-7d3a0f8b\"><div class=\"gb-inside-container\">\n\n<h2 class=\"has-vivid-purple-color has-text-color has-large-font-size wp-block-heading\"><strong>LA P\u00c1GINA DE ARACELI<\/strong><\/h2>\n\n\n\n<p class=\"gb-headline gb-headline-d7c87d75 gb-headline-text\"><br><\/p>\n\n\n\n<p class=\"has-vivid-purple-color has-text-color has-small-font-size\"><\/p>\n\n\n\n<div class=\"wp-block-media-text is-stacked-on-mobile is-image-fill\" style=\"grid-template-columns:34% auto\"><figure class=\"wp-block-media-text__media\" style=\"background-image:url(https:\/\/araceligarcia.es\/wp-content\/uploads\/2021\/10\/celi1c-1.jpg);background-position:56.00000000000001% 30%\"><img loading=\"lazy\" decoding=\"async\" width=\"217\" height=\"247\" src=\"https:\/\/araceligarcia.es\/wp-content\/uploads\/2021\/10\/celi1c-1.jpg\" alt=\"\" class=\"wp-image-777 size-full\"\/><\/figure><div class=\"wp-block-media-text__content\">\n<h4 class=\"wp-block-heading\"><strong>\u00a1Hola! Soy Araceli, de Mallorca. <\/strong><\/h4>\n\n\n\n<p class=\"has-vivid-purple-color has-text-color has-normal-font-size\">Desde aqu\u00ed te env\u00edo un saludo y mi deseo de que pases un rato agradable recorriendo esta p\u00e1gina, pues ese fue el \u00fanico objetivo al construirla.  Quiz\u00e1s encuentres algo con lo que te puedas identificar o no&#8230; en todo caso est\u00e1 hecha con mucha ilusi\u00f3n y espero que te guste <\/p>\n<\/div><\/div>\n\n\n\n<p><\/p>\n\n<\/div><div class=\"gb-shapes\"><div class=\"gb-shape gb-shape-1\"><svg xmlns=\"http:\/\/www.w3.org\/2000\/svg\" viewBox=\"0 0 1200 50\" preserveAspectRatio=\"none\"><path d=\"M640 30L600 0l-40 30H0v20h1200V30z\"\/><\/svg><\/div><\/div><\/div>\n\n\n<p><\/p>\n","protected":false},"excerpt":{"rendered":"<p>LA P\u00c1GINA DE ARACELI \u00a1Hola! Soy Araceli, de Mallorca. Desde aqu\u00ed te env\u00edo un saludo y mi deseo de que pases un rato agradable recorriendo esta p\u00e1gina, pues ese fue el \u00fanico objetivo al construirla. Quiz\u00e1s encuentres algo con lo que te puedas identificar o no&#8230; en todo caso est\u00e1 hecha con mucha ilusi\u00f3n y &#8230; <a title=\"Inicio\" class=\"read-more\" href=\"https:\/\/araceligarcia.es\/\" aria-label=\"Leer m\u00e1s sobre Inicio\">Leer m\u00e1s<\/a><\/p>\n","protected":false},"author":2,"featured_media":0,"parent":0,"menu_order":0,"comment_status":"open","ping_status":"closed","template":"","meta":{"footnotes":""},"class_list":["post-842","page","type-page","status-publish"],"_links":{"self":[{"href":"https:\/\/araceligarcia.es\/index.php?rest_route=\/wp\/v2\/pages\/842","targetHints":{"allow":["GET"]}}],"collection":[{"href":"https:\/\/araceligarcia.es\/index.php?rest_route=\/wp\/v2\/pages"}],"about":[{"href":"https:\/\/araceligarcia.es\/index.php?rest_route=\/wp\/v2\/types\/page"}],"author":[{"embeddable":true,"href":"https:\/\/araceligarcia.es\/index.php?rest_route=\/wp\/v2\/users\/2"}],"replies":[{"embeddable":true,"href":"https:\/\/araceligarcia.es\/index.php?rest_route=%2Fwp%2Fv2%2Fcomments&post=842"}],"version-history":[{"count":35,"href":"https:\/\/araceligarcia.es\/index.php?rest_route=\/wp\/v2\/pages\/842\/revisions"}],"predecessor-version":[{"id":1163,"href":"https:\/\/araceligarcia.es\/index.php?rest_route=\/wp\/v2\/pages\/842\/revisions\/1163"}],"wp:attachment":[{"href":"https:\/\/araceligarcia.es\/index.php?rest_route=%2Fwp%2Fv2%2Fmedia&parent=842"}],"curies":[{"name":"wp","href":"https:\/\/api.w.org\/{rel}","templated":true}]}}

<div class="gb-container gb-container-7d3a0f8b"><div class="gb-inside-container">

<h2 class="has-vivid-purple-color has-text-color has-large-font-size wp-block-heading"><strong>LA PÁGINA DE ARACELI</strong></h2>



<p class="gb-headline gb-headline-d7c87d75 gb-headline-text"><br></p>



<p class="has-vivid-purple-color has-text-color has-small-font-size"></p>



<div class="wp-block-media-text is-stacked-on-mobile is-image-fill" style="grid-template-columns:34% auto"><figure class="wp-block-media-text__media" style="background-image:url(https://araceligarcia.es/wp-content/uploads/2021/10/celi1c-1.jpg);background-position:56.00000000000001% 30%"><img loading="lazy" decoding="async" width="217" height="247" src="https://araceligarcia.es/wp-content/uploads/2021/10/celi1c-1.jpg" alt="" class="wp-image-777 size-full"/></figure><div class="wp-block-media-text__content">
<h4 class="wp-block-heading"><strong>¡Hola! Soy Araceli, de Mallorca. </strong></h4>



<p class="has-vivid-purple-color has-text-color has-normal-font-size">Desde aquí te envío un saludo y mi deseo de que pases un rato agradable recorriendo esta página, pues ese fue el único objetivo al construirla.  Quizás encuentres algo con lo que te puedas identificar o no&#8230; en todo caso está hecha con mucha ilusión y espero que te guste </p>
</div></div>



<p></p>

</div><div class="gb-shapes"><div class="gb-shape gb-shape-1"><svg xmlns="http://www.w3.org/2000/svg" viewBox="0 0 1200 50" preserveAspectRatio="none"><path d="M640 30L600 0l-40 30H0v20h1200V30z"/></svg></div></div></div>


<p></p>

<p>LA PÁGINA DE ARACELI ¡Hola! Soy Araceli, de Mallorca. Desde aquí te envío un saludo y mi deseo de que pases un rato agradable recorriendo esta página, pues ese fue el único objetivo al construirla. Quizás encuentres algo con lo que te puedas identificar o no&#8230; en todo caso está hecha con mucha ilusión y &#8230; <a title="Inicio" class="read-more" href="https://araceligarcia.es/" aria-label="Leer más sobre Inicio">Leer más</a></p>
