{"id":1219,"date":"2022-10-16T18:01:59","date_gmt":"2022-10-16T18:01:59","guid":{"rendered":"https:\/\/araceligarcia.es\/?page_id=1219"},"modified":"2022-10-18T16:58:12","modified_gmt":"2022-10-18T16:58:12","slug":"el-rincon-de-mi-nieta-araceli","status":"publish","type":"page","link":"https:\/\/araceligarcia.es\/?page_id=1219","title":{"rendered":"El rinc\u00f3n de mi nieta Araceli"},"content":{"rendered":"\n<div class=\"wp-block-media-text alignwide is-stacked-on-mobile\" style=\"grid-template-columns:33% auto\"><figure class=\"wp-block-media-text__media\"><img loading=\"lazy\" decoding=\"async\" width=\"1024\" height=\"768\" src=\"https:\/\/araceligarcia.es\/wp-content\/uploads\/20220102_140357-1024x768.jpg\" alt=\"\" class=\"wp-image-1230 size-full\" srcset=\"https:\/\/araceligarcia.es\/wp-content\/uploads\/20220102_140357-1024x768.jpg 1024w, https:\/\/araceligarcia.es\/wp-content\/uploads\/20220102_140357-300x225.jpg 300w, https:\/\/araceligarcia.es\/wp-content\/uploads\/20220102_140357-768x576.jpg 768w, https:\/\/araceligarcia.es\/wp-content\/uploads\/20220102_140357.jpg 1040w\" sizes=\"auto, (max-width: 1024px) 100vw, 1024px\" \/><\/figure><div class=\"wp-block-media-text__content\">\n<p class=\"has-vivid-cyan-blue-color has-text-color has-small-font-size\"><mark style=\"background-color:rgba(0, 0, 0, 0)\" class=\"has-inline-color has-vivid-cyan-blue-color\"><strong><em>A mi nieta tambi\u00e9n le gusta escribir, como a m\u00ed. Tiene 9 a\u00f1os reci\u00e9n cumplidos y hace un par de meses empez\u00f3 a ir dejando sus sentimientos en estos escritos. Le promet\u00ed que tendr\u00eda su rinc\u00f3n y la yaya siempre cumple lo que promete.<\/em><\/strong><\/mark>  <strong><em>Poco a poco, ir\u00e1 dejando sus cosas en este rinc\u00f3n para que pod\u00e1is ver su progreso. <\/em><\/strong><\/p>\n<\/div><\/div>\n\n\n\n<ul class=\"has-medium-font-size wp-block-list\"><li><strong><em><a href=\"https:\/\/araceligarcia.es\/wp-content\/uploads\/MI-FAMILIA.pdf\" data-type=\"URL\" data-id=\"https:\/\/araceligarcia.es\/wp-content\/uploads\/MI-FAMILIA.pdf\">Mi familia<\/a><\/em><\/strong><\/li><li><strong><em><a rel=\"noreferrer noopener\" href=\"https:\/\/araceligarcia.es\/wp-content\/uploads\/Mi-perrita-Honey.pdf\" data-type=\"URL\" data-id=\"https:\/\/araceligarcia.es\/wp-content\/uploads\/Mi-perrita-Honey.pdf\" target=\"_blank\">Mi perrita Honey<\/a><\/em><\/strong><\/li><li><strong><em><a rel=\"noreferrer noopener\" href=\"https:\/\/araceligarcia.es\/wp-content\/uploads\/MI-PAPA.pdf\" data-type=\"URL\" data-id=\"https:\/\/araceligarcia.es\/wp-content\/uploads\/MI-PAPA.pdf\" target=\"_blank\">Mi pap\u00e1 <\/a><\/em><\/strong><\/li><li><strong><em><a rel=\"noreferrer noopener\" href=\"https:\/\/araceligarcia.es\/wp-content\/uploads\/PARA-MI-MAMI.pdf\" data-type=\"URL\" data-id=\"https:\/\/araceligarcia.es\/wp-content\/uploads\/PARA-MI-MAMI.pdf\" target=\"_blank\">Para mi mami <\/a><\/em><\/strong><\/li><\/ul>\n\n\n\n<p><\/p>\n","protected":false},"excerpt":{"rendered":"<p>A mi nieta tambi\u00e9n le gusta escribir, como a m\u00ed. Tiene 9 a\u00f1os reci\u00e9n cumplidos y hace un par de meses empez\u00f3 a ir dejando sus sentimientos en estos escritos. Le promet\u00ed que tendr\u00eda su rinc\u00f3n y la yaya siempre cumple lo que promete. Poco a poco, ir\u00e1 dejando sus cosas en este rinc\u00f3n para &#8230; <a title=\"El rinc\u00f3n de mi nieta Araceli\" class=\"read-more\" href=\"https:\/\/araceligarcia.es\/?page_id=1219\" aria-label=\"Leer m\u00e1s sobre El rinc\u00f3n de mi nieta Araceli\">Leer m\u00e1s<\/a><\/p>\n","protected":false},"author":2,"featured_media":0,"parent":0,"menu_order":0,"comment_status":"open","ping_status":"closed","template":"","meta":{"footnotes":""},"class_list":["post-1219","page","type-page","status-publish"],"_links":{"self":[{"href":"https:\/\/araceligarcia.es\/index.php?rest_route=\/wp\/v2\/pages\/1219","targetHints":{"allow":["GET"]}}],"collection":[{"href":"https:\/\/araceligarcia.es\/index.php?rest_route=\/wp\/v2\/pages"}],"about":[{"href":"https:\/\/araceligarcia.es\/index.php?rest_route=\/wp\/v2\/types\/page"}],"author":[{"embeddable":true,"href":"https:\/\/araceligarcia.es\/index.php?rest_route=\/wp\/v2\/users\/2"}],"replies":[{"embeddable":true,"href":"https:\/\/araceligarcia.es\/index.php?rest_route=%2Fwp%2Fv2%2Fcomments&post=1219"}],"version-history":[{"count":9,"href":"https:\/\/araceligarcia.es\/index.php?rest_route=\/wp\/v2\/pages\/1219\/revisions"}],"predecessor-version":[{"id":1242,"href":"https:\/\/araceligarcia.es\/index.php?rest_route=\/wp\/v2\/pages\/1219\/revisions\/1242"}],"wp:attachment":[{"href":"https:\/\/araceligarcia.es\/index.php?rest_route=%2Fwp%2Fv2%2Fmedia&parent=1219"}],"curies":[{"name":"wp","href":"https:\/\/api.w.org\/{rel}","templated":true}]}}