{"id":1102,"date":"2021-11-12T09:33:59","date_gmt":"2021-11-12T09:33:59","guid":{"rendered":"https:\/\/araceligarcia.es\/?page_id=1102"},"modified":"2025-09-27T17:55:59","modified_gmt":"2025-09-27T17:55:59","slug":"mis-intentos-con-la-cancion","status":"publish","type":"page","link":"https:\/\/araceligarcia.es\/?page_id=1102","title":{"rendered":"Mis intentos con la canci\u00f3n"},"content":{"rendered":"\n<div class=\"wp-block-media-text alignwide is-stacked-on-mobile\" style=\"grid-template-columns:21% auto\"><figure class=\"wp-block-media-text__media\"><img loading=\"lazy\" decoding=\"async\" width=\"700\" height=\"928\" src=\"https:\/\/araceligarcia.es\/wp-content\/uploads\/2021\/10\/Aracanta0001.jpg\" alt=\"\" class=\"wp-image-52 size-full\" srcset=\"https:\/\/araceligarcia.es\/wp-content\/uploads\/2021\/10\/Aracanta0001.jpg 700w, https:\/\/araceligarcia.es\/wp-content\/uploads\/2021\/10\/Aracanta0001-226x300.jpg 226w\" sizes=\"auto, (max-width: 700px) 100vw, 700px\" \/><\/figure><div class=\"wp-block-media-text__content\">\n<p class=\"has-large-font-size\">Mis pinitos con la canci\u00f3n (boleros y rancheras).<\/p>\n\n\n\n<p><strong>Me gusta cantar desde peque\u00f1ita.&nbsp; He sido de esas ni\u00f1as que siempre se apuntan a cualquier cosa que fuese m\u00e1s divertida que ir a clase, como por ejemplo, escribir y representar comedias, cantar, etc., vamos, que en la fiesta de la Escuela seguro que aparec\u00eda Araceli con alguna tonter\u00eda. As\u00ed que aqu\u00ed, no iba a ser menos. He grabado unas canciones que os dejo para que os riais un poquito con mi atrevimiento.<\/strong><br><strong>En la foto, la primera vez que la descarada que suscribe, se subi\u00f3 al escenario para cantar, con ocho a\u00f1os. Como es una grabaci\u00f3n caserilla, el sonido no es muy bueno, mejor escucharlas con auriculares. <\/strong><\/p>\n<\/div><\/div>\n\n\n<div class=\"gb-container gb-container-f4a41625\"><div class=\"gb-inside-container\">\n\n<div class=\"wp-block-columns is-layout-flex wp-container-core-columns-is-layout-9d6595d7 wp-block-columns-is-layout-flex\">\n<div class=\"wp-block-column is-layout-flow wp-block-column-is-layout-flow\">\n<ul class=\"wp-block-list\">\n<li>&nbsp; <strong><a href=\"https:\/\/araceligarcia.es\/wp-content\/uploads\/2021\/10\/anochehableconlaluna.mp3\">Anoche habl\u00e9 con la luna<\/a><\/strong><\/li>\n\n\n\n<li>&nbsp; <strong><a href=\"https:\/\/araceligarcia.es\/wp-content\/uploads\/2021\/10\/Saborami.mp3\">Sabor a m\u00ed<\/a>&nbsp;<\/strong><\/li>\n\n\n\n<li><strong><a href=\"https:\/\/araceligarcia.es\/wp-content\/uploads\/2021\/10\/Paloma-Negra.mp3\">Paloma negra<\/a><\/strong><\/li>\n\n\n\n<li>&nbsp; <strong><a href=\"https:\/\/araceligarcia.es\/wp-content\/uploads\/2021\/10\/ojalatevayabonito.mp3\">Ojal\u00e1 que te vaya bonito<\/a><\/strong><\/li>\n\n\n\n<li>&nbsp; <strong><a href=\"https:\/\/araceligarcia.es\/wp-content\/uploads\/2021\/10\/quebonitoamor.mp3\">Que bonito amor<\/a><\/strong><\/li>\n\n\n\n<li>&nbsp; <a href=\"https:\/\/araceligarcia.es\/wp-content\/uploads\/2021\/10\/cuandovivasconmigo.mp3\"><strong>Cuando vivas conmigo<\/strong><\/a><\/li>\n\n\n\n<li>&nbsp; <a href=\"https:\/\/araceligarcia.es\/wp-content\/uploads\/2021\/10\/Nosotros.mp3\"><strong>Nosotros<\/strong><\/a><\/li>\n\n\n\n<li>&nbsp; <a href=\"https:\/\/araceligarcia.es\/wp-content\/uploads\/2021\/10\/Pocoapoco.mp3\"><strong>Poco a poco<\/strong><\/a><\/li>\n\n\n\n<li> <a href=\"https:\/\/araceligarcia.es\/wp-content\/uploads\/2021\/10\/historiadeunamor.mp3\"><strong>Historia de un amor<\/strong><\/a><\/li>\n\n\n\n<li><a href=\"https:\/\/araceligarcia.es\/wp-content\/uploads\/2021\/10\/Por-un-amor.mp3\"><strong>Por un amor<\/strong><\/a><\/li>\n\n\n\n<li><a href=\"https:\/\/araceligarcia.es\/wp-content\/uploads\/2021\/10\/cruzolvido.mp3\"><strong>Cruz de olvido<\/strong><\/a><\/li>\n\n\n\n<li><a href=\"https:\/\/araceligarcia.es\/wp-content\/uploads\/Alma-de-Blues.mp3\">Alma de Blues (nuevo)<\/a><\/li>\n\n\n\n<li><a href=\"https:\/\/araceligarcia.es\/wp-content\/uploads\/Se-te-olvida.mp3\">Se te olvida (nuevo)<\/a><\/li>\n\n\n\n<li><a href=\"https:\/\/araceligarcia.es\/wp-content\/uploads\/La-vie-en-rose-1.mp3\">La vie en rose (nuevo) <\/a><\/li>\n<\/ul>\n\n\n\n<p><\/p>\n<\/div>\n\n\n\n<div class=\"wp-block-column is-layout-flow wp-block-column-is-layout-flow\">\n<ul class=\"wp-block-list\">\n<li><strong style=\"font-size: inherit;\"><a href=\"https:\/\/araceligarcia.es\/wp-content\/uploads\/2021\/10\/Enorme-distancia.mp3\">Enorme distancia<\/a><\/strong>   <\/li>\n\n\n\n<li><strong style=\"font-size: inherit;\"><a href=\"https:\/\/araceligarcia.es\/wp-content\/uploads\/2021\/10\/echamelaculpa.mp3\">\u00c9chame a m\u00ed la culpa<\/a><\/strong><\/li>\n\n\n\n<li><a href=\"https:\/\/araceligarcia.es\/wp-content\/uploads\/2021\/10\/tesoltelasriendas.mp3\"><strong>Te solt\u00e9 las riendas<\/strong><\/a><\/li>\n\n\n\n<li><a href=\"https:\/\/araceligarcia.es\/wp-content\/uploads\/2021\/10\/laultimacopa.mp3\"><strong>La \u00faltima copa (tango)<\/strong><\/a><\/li>\n\n\n\n<li><a href=\"https:\/\/araceligarcia.es\/wp-content\/uploads\/2021\/10\/cielitolindo.mp3\"><strong>Cielito lindo<\/strong><\/a><\/li>\n\n\n\n<li><a href=\"https:\/\/araceligarcia.es\/wp-content\/uploads\/2021\/10\/caminemos.mp3\"><strong>Caminemos<\/strong><\/a><\/li>\n\n\n\n<li><a href=\"https:\/\/araceligarcia.es\/wp-content\/uploads\/2021\/10\/BOHEME.mp3\"><strong>La Boheme <\/strong><\/a><\/li>\n\n\n\n<li><a href=\"https:\/\/araceligarcia.es\/wp-content\/uploads\/2021\/10\/cielorojo.mp3\"><strong>Cielo rojo<\/strong><\/a><\/li>\n\n\n\n<li><a href=\"https:\/\/araceligarcia.es\/wp-content\/uploads\/lacopa.mp3\"><strong>La copa<\/strong><\/a><\/li>\n\n\n\n<li><a href=\"https:\/\/araceligarcia.es\/wp-content\/uploads\/porhombres.mp3\"><strong>Por hombres como t\u00fa<\/strong><\/a><\/li>\n\n\n\n<li><a href=\"https:\/\/araceligarcia.es\/wp-content\/uploads\/2-Gardenias.mp3\">Dos Gardenias<\/a> (nuevo)<\/li>\n\n\n\n<li><a href=\"https:\/\/araceligarcia.es\/wp-content\/uploads\/Corazon-gitano.mp3\">Coraz\u00f3n gitano (nuevo)<\/a><\/li>\n\n\n\n<li><a href=\"https:\/\/araceligarcia.es\/wp-content\/uploads\/Solamente-una-vez.mp3\">Solamente una vez (nuevo)<\/a><\/li>\n\n\n\n<li><a href=\"https:\/\/araceligarcia.es\/wp-content\/uploads\/Piensa-en-mi.mp3\">Piensa en mi (nuevo)<\/a><\/li>\n<\/ul>\n\n\n\n<p><\/p>\n<\/div>\n<\/div>\n\n<\/div><\/div>","protected":false},"excerpt":{"rendered":"<p>Mis pinitos con la canci\u00f3n (boleros y rancheras). Me gusta cantar desde peque\u00f1ita.&nbsp; He sido de esas ni\u00f1as que siempre se apuntan a cualquier cosa que fuese m\u00e1s divertida que ir a clase, como por ejemplo, escribir y representar comedias, cantar, etc., vamos, que en la fiesta de la Escuela seguro que aparec\u00eda Araceli con &#8230; <a title=\"Mis intentos con la canci\u00f3n\" class=\"read-more\" href=\"https:\/\/araceligarcia.es\/?page_id=1102\" aria-label=\"Leer m\u00e1s sobre Mis intentos con la canci\u00f3n\">Leer m\u00e1s<\/a><\/p>\n","protected":false},"author":2,"featured_media":0,"parent":0,"menu_order":0,"comment_status":"open","ping_status":"closed","template":"","meta":{"footnotes":""},"class_list":["post-1102","page","type-page","status-publish"],"_links":{"self":[{"href":"https:\/\/araceligarcia.es\/index.php?rest_route=\/wp\/v2\/pages\/1102","targetHints":{"allow":["GET"]}}],"collection":[{"href":"https:\/\/araceligarcia.es\/index.php?rest_route=\/wp\/v2\/pages"}],"about":[{"href":"https:\/\/araceligarcia.es\/index.php?rest_route=\/wp\/v2\/types\/page"}],"author":[{"embeddable":true,"href":"https:\/\/araceligarcia.es\/index.php?rest_route=\/wp\/v2\/users\/2"}],"replies":[{"embeddable":true,"href":"https:\/\/araceligarcia.es\/index.php?rest_route=%2Fwp%2Fv2%2Fcomments&post=1102"}],"version-history":[{"count":12,"href":"https:\/\/araceligarcia.es\/index.php?rest_route=\/wp\/v2\/pages\/1102\/revisions"}],"predecessor-version":[{"id":1470,"href":"https:\/\/araceligarcia.es\/index.php?rest_route=\/wp\/v2\/pages\/1102\/revisions\/1470"}],"wp:attachment":[{"href":"https:\/\/araceligarcia.es\/index.php?rest_route=%2Fwp%2Fv2%2Fmedia&parent=1102"}],"curies":[{"name":"wp","href":"https:\/\/api.w.org\/{rel}","templated":true}]}}